{"id":160,"date":"2022-06-15T12:52:20","date_gmt":"2022-06-15T12:52:20","guid":{"rendered":"https:\/\/2022.doktagung.de\/?page_id=160"},"modified":"2022-06-15T13:04:08","modified_gmt":"2022-06-15T13:04:08","slug":"ueber-uns","status":"publish","type":"page","link":"https:\/\/2022.doktagung.de\/?page_id=160","title":{"rendered":"\u00dcber uns"},"content":{"rendered":"\n<p><strong>Das Team<\/strong><\/p>\n\n\n\n<figure class=\"wp-block-image\"><img loading=\"lazy\" decoding=\"async\" width=\"1024\" height=\"1024\" src=\"https:\/\/2022.doktagung.de\/wp-content\/uploads\/2022\/06\/Aaron-1024x1024.jpg\" alt=\"\" class=\"wp-image-143\" srcset=\"https:\/\/2022.doktagung.de\/wp-content\/uploads\/2022\/06\/Aaron-1024x1024.jpg 1024w, https:\/\/2022.doktagung.de\/wp-content\/uploads\/2022\/06\/Aaron-300x300.jpg 300w, https:\/\/2022.doktagung.de\/wp-content\/uploads\/2022\/06\/Aaron-150x150.jpg 150w, https:\/\/2022.doktagung.de\/wp-content\/uploads\/2022\/06\/Aaron-768x768.jpg 768w, https:\/\/2022.doktagung.de\/wp-content\/uploads\/2022\/06\/Aaron.jpg 1080w\" sizes=\"auto, (max-width: 767px) 89vw, (max-width: 1000px) 54vw, (max-width: 1071px) 543px, 580px\" \/><\/figure>\n\n\n\n<p><strong>Aaron<\/strong><\/p>\n\n\n\n<p>Im Norden aufgewachsen und im S\u00fcden losstudiert, bin ich f\u00fcr das Masterstudium dazwischen gelandet und danach in Mainz sitzengeblieben. Es k\u00f6nnte so aussehen, als s\u00e4\u00dfe ich hier jetzt fest im Sattel mit einer Stelle in einem vierj\u00e4hrigen Forschungsprojekt ohne Lehrverpflichtung. Aber zwischen den St\u00fchlen sitze ich dennoch: Sowohl fachlich irgendwo zwischen Kulturanthropologie, Kindheitsforschung, Soziologie und Geschichtswissenschaft, als auch in meiner empirischen Arbeit zwischen historischen, ethnographischen, diskursiven und Interview-Daten. Als Partythemen bringe ich Funfacts aus der Seuchengeschichte mit.<\/p>\n\n\n\n<figure class=\"wp-block-image size-large\"><img loading=\"lazy\" decoding=\"async\" width=\"1024\" height=\"1024\" src=\"https:\/\/2022.doktagung.de\/wp-content\/uploads\/2022\/06\/Marie-1024x1024.jpeg\" alt=\"\" class=\"wp-image-147\" srcset=\"https:\/\/2022.doktagung.de\/wp-content\/uploads\/2022\/06\/Marie-1024x1024.jpeg 1024w, https:\/\/2022.doktagung.de\/wp-content\/uploads\/2022\/06\/Marie-300x300.jpeg 300w, https:\/\/2022.doktagung.de\/wp-content\/uploads\/2022\/06\/Marie-150x150.jpeg 150w, https:\/\/2022.doktagung.de\/wp-content\/uploads\/2022\/06\/Marie-768x768.jpeg 768w, https:\/\/2022.doktagung.de\/wp-content\/uploads\/2022\/06\/Marie.jpeg 1080w\" sizes=\"auto, (max-width: 767px) 89vw, (max-width: 1000px) 54vw, (max-width: 1071px) 543px, 580px\" \/><\/figure>\n\n\n\n<p><strong>Marie<\/strong><\/p>\n\n\n\n<p>Aus dem tiefen Ruhrgebiet zum Studium nach Mainz und dann hoch an die Nordseek\u00fcste zum Museumsvolontariat \u2013 hier bin ich nun, zwischen M\u00f6wengeschrei und Leuchtt\u00fcrmen, und starte das n\u00e4chste Kapitel der Reise. Als wissenschaftliche Mitarbeiterin der Universit\u00e4t Vechta und des Kulturanthropologischen An-Instituts in Cloppenburg schon \u00f6rtlich irgendwie zwischen den St\u00fchlen, besonders aber fachlich: In einem interdisziplin\u00e4ren Projekt zu Strukturwandel und Klimawandelanpassung im l\u00e4ndlichen Nordwesten forsche ich als eine der wenigen Kulturwissenschaftler*innen gemeinsam mit Ingenieur*innen, Geograf*innen und Biolog*innen.<\/p>\n\n\n\n<figure class=\"wp-block-image size-large\"><img loading=\"lazy\" decoding=\"async\" width=\"1024\" height=\"1024\" src=\"https:\/\/2022.doktagung.de\/wp-content\/uploads\/2022\/06\/Roxana-1024x1024.jpg\" alt=\"\" class=\"wp-image-144\" srcset=\"https:\/\/2022.doktagung.de\/wp-content\/uploads\/2022\/06\/Roxana-1024x1024.jpg 1024w, https:\/\/2022.doktagung.de\/wp-content\/uploads\/2022\/06\/Roxana-300x300.jpg 300w, https:\/\/2022.doktagung.de\/wp-content\/uploads\/2022\/06\/Roxana-150x150.jpg 150w, https:\/\/2022.doktagung.de\/wp-content\/uploads\/2022\/06\/Roxana-768x768.jpg 768w, https:\/\/2022.doktagung.de\/wp-content\/uploads\/2022\/06\/Roxana.jpg 1080w\" sizes=\"auto, (max-width: 767px) 89vw, (max-width: 1000px) 54vw, (max-width: 1071px) 543px, 580px\" \/><\/figure>\n\n\n\n<p><strong>Roxana<\/strong><\/p>\n\n\n\n<p>Meinen Bachelor habe ich im Fach Slavistik abgeschlossen, aber mein Herz habe ich an mein damaliges Beifach Kulturanthropologie verloren, als ich bei dem Forschungsprojekt \u201eZwischen Eigen und Fremd \u2013 Stimmungsbilder der Kaschubei\u201c mitmachen und eine Woche lang in der Kaschubei zum ersten Mal im Feld forschen durfte. Dort habe ich auch meine beiden Mitorganisator*innen Marie und Aaron kennengelernt. Seit April 2021 bin ich als wissenschaftliche Mitarbeiterin im Fach Kulturanthropologie an der Universit\u00e4t Mainz besch\u00e4ftigt und arbeite an meiner Dissertation, die eine Fortf\u00fchrung meiner Masterarbeit von 2020 darstellt. Darin besch\u00e4ftige ich mich mit polnischen Migrant Care Workers in deutschen Privathaushalten. Da ich selbst eine polnische Migrationsgeschichte habe, f\u00fchlte ich mich im Verlauf meiner Forschungen schon h\u00e4ufiger, als ob ich zwischen den St\u00fchlen sitzen w\u00fcrde.<\/p>\n","protected":false},"excerpt":{"rendered":"<p>Das Team Aaron Im Norden aufgewachsen und im S\u00fcden losstudiert, bin ich f\u00fcr das Masterstudium dazwischen gelandet und danach in Mainz sitzengeblieben. Es k\u00f6nnte so aussehen, als s\u00e4\u00dfe ich hier jetzt fest im Sattel mit einer Stelle in einem vierj\u00e4hrigen Forschungsprojekt ohne Lehrverpflichtung. Aber zwischen den St\u00fchlen sitze ich dennoch: Sowohl fachlich irgendwo zwischen Kulturanthropologie, &hellip; <\/p>\n<p class=\"link-more\"><a href=\"https:\/\/2022.doktagung.de\/?page_id=160\" class=\"more-link\"><span class=\"screen-reader-text\">\u201e\u00dcber uns\u201c<\/span> weiterlesen<\/a><\/p>\n","protected":false},"author":2,"featured_media":0,"parent":0,"menu_order":0,"comment_status":"closed","ping_status":"closed","template":"","meta":{"footnotes":""},"class_list":["post-160","page","type-page","status-publish","hentry"],"yoast_head":"<!-- This site is optimized with the Yoast SEO plugin v19.6 - https:\/\/yoast.com\/wordpress\/plugins\/seo\/ -->\n<title>\u00dcber uns - 16. Doktorand*innentagung der DGEKW<\/title>\n<meta name=\"robots\" content=\"index, follow, max-snippet:-1, max-image-preview:large, max-video-preview:-1\" \/>\n<link rel=\"canonical\" href=\"https:\/\/2022.doktagung.de\/?page_id=160\" \/>\n<meta property=\"og:locale\" content=\"de_DE\" \/>\n<meta property=\"og:type\" content=\"article\" \/>\n<meta property=\"og:title\" content=\"\u00dcber uns - 16. Doktorand*innentagung der DGEKW\" \/>\n<meta property=\"og:description\" content=\"Das Team Aaron Im Norden aufgewachsen und im S\u00fcden losstudiert, bin ich f\u00fcr das Masterstudium dazwischen gelandet und danach in Mainz sitzengeblieben. Es k\u00f6nnte so aussehen, als s\u00e4\u00dfe ich hier jetzt fest im Sattel mit einer Stelle in einem vierj\u00e4hrigen Forschungsprojekt ohne Lehrverpflichtung. Aber zwischen den St\u00fchlen sitze ich dennoch: Sowohl fachlich irgendwo zwischen Kulturanthropologie, &hellip; \u201e\u00dcber uns\u201c weiterlesen\" \/>\n<meta property=\"og:url\" content=\"https:\/\/2022.doktagung.de\/?page_id=160\" \/>\n<meta property=\"og:site_name\" content=\"16. Doktorand*innentagung der DGEKW\" \/>\n<meta property=\"article:modified_time\" content=\"2022-06-15T13:04:08+00:00\" \/>\n<meta property=\"og:image\" content=\"https:\/\/2022.doktagung.de\/wp-content\/uploads\/2022\/06\/Aaron-1024x1024.jpg\" \/>\n<meta name=\"twitter:card\" content=\"summary_large_image\" \/>\n<meta name=\"twitter:label1\" content=\"Gesch\u00e4tzte Lesezeit\" \/>\n\t<meta name=\"twitter:data1\" content=\"3\u00a0Minuten\" \/>\n<script type=\"application\/ld+json\" class=\"yoast-schema-graph\">{\"@context\":\"https:\/\/schema.org\",\"@graph\":[{\"@type\":\"WebPage\",\"@id\":\"https:\/\/2022.doktagung.de\/?page_id=160\",\"url\":\"https:\/\/2022.doktagung.de\/?page_id=160\",\"name\":\"\u00dcber uns - 16. Doktorand*innentagung der DGEKW\",\"isPartOf\":{\"@id\":\"https:\/\/2022.doktagung.de\/#website\"},\"datePublished\":\"2022-06-15T12:52:20+00:00\",\"dateModified\":\"2022-06-15T13:04:08+00:00\",\"breadcrumb\":{\"@id\":\"https:\/\/2022.doktagung.de\/?page_id=160#breadcrumb\"},\"inLanguage\":\"de\",\"potentialAction\":[{\"@type\":\"ReadAction\",\"target\":[\"https:\/\/2022.doktagung.de\/?page_id=160\"]}]},{\"@type\":\"BreadcrumbList\",\"@id\":\"https:\/\/2022.doktagung.de\/?page_id=160#breadcrumb\",\"itemListElement\":[{\"@type\":\"ListItem\",\"position\":1,\"name\":\"Startseite\",\"item\":\"https:\/\/2022.doktagung.de\/\"},{\"@type\":\"ListItem\",\"position\":2,\"name\":\"\u00dcber uns\"}]},{\"@type\":\"WebSite\",\"@id\":\"https:\/\/2022.doktagung.de\/#website\",\"url\":\"https:\/\/2022.doktagung.de\/\",\"name\":\"16. Doktorand*innentagung der DGEKW\",\"description\":\"\",\"potentialAction\":[{\"@type\":\"SearchAction\",\"target\":{\"@type\":\"EntryPoint\",\"urlTemplate\":\"https:\/\/2022.doktagung.de\/?s={search_term_string}\"},\"query-input\":\"required name=search_term_string\"}],\"inLanguage\":\"de\"}]}<\/script>\n<!-- \/ Yoast SEO plugin. -->","yoast_head_json":{"title":"\u00dcber uns - 16. Doktorand*innentagung der DGEKW","robots":{"index":"index","follow":"follow","max-snippet":"max-snippet:-1","max-image-preview":"max-image-preview:large","max-video-preview":"max-video-preview:-1"},"canonical":"https:\/\/2022.doktagung.de\/?page_id=160","og_locale":"de_DE","og_type":"article","og_title":"\u00dcber uns - 16. Doktorand*innentagung der DGEKW","og_description":"Das Team Aaron Im Norden aufgewachsen und im S\u00fcden losstudiert, bin ich f\u00fcr das Masterstudium dazwischen gelandet und danach in Mainz sitzengeblieben. Es k\u00f6nnte so aussehen, als s\u00e4\u00dfe ich hier jetzt fest im Sattel mit einer Stelle in einem vierj\u00e4hrigen Forschungsprojekt ohne Lehrverpflichtung. Aber zwischen den St\u00fchlen sitze ich dennoch: Sowohl fachlich irgendwo zwischen Kulturanthropologie, &hellip; \u201e\u00dcber uns\u201c weiterlesen","og_url":"https:\/\/2022.doktagung.de\/?page_id=160","og_site_name":"16. Doktorand*innentagung der DGEKW","article_modified_time":"2022-06-15T13:04:08+00:00","og_image":[{"url":"https:\/\/2022.doktagung.de\/wp-content\/uploads\/2022\/06\/Aaron-1024x1024.jpg"}],"twitter_card":"summary_large_image","twitter_misc":{"Gesch\u00e4tzte Lesezeit":"3\u00a0Minuten"},"schema":{"@context":"https:\/\/schema.org","@graph":[{"@type":"WebPage","@id":"https:\/\/2022.doktagung.de\/?page_id=160","url":"https:\/\/2022.doktagung.de\/?page_id=160","name":"\u00dcber uns - 16. Doktorand*innentagung der DGEKW","isPartOf":{"@id":"https:\/\/2022.doktagung.de\/#website"},"datePublished":"2022-06-15T12:52:20+00:00","dateModified":"2022-06-15T13:04:08+00:00","breadcrumb":{"@id":"https:\/\/2022.doktagung.de\/?page_id=160#breadcrumb"},"inLanguage":"de","potentialAction":[{"@type":"ReadAction","target":["https:\/\/2022.doktagung.de\/?page_id=160"]}]},{"@type":"BreadcrumbList","@id":"https:\/\/2022.doktagung.de\/?page_id=160#breadcrumb","itemListElement":[{"@type":"ListItem","position":1,"name":"Startseite","item":"https:\/\/2022.doktagung.de\/"},{"@type":"ListItem","position":2,"name":"\u00dcber uns"}]},{"@type":"WebSite","@id":"https:\/\/2022.doktagung.de\/#website","url":"https:\/\/2022.doktagung.de\/","name":"16. Doktorand*innentagung der DGEKW","description":"","potentialAction":[{"@type":"SearchAction","target":{"@type":"EntryPoint","urlTemplate":"https:\/\/2022.doktagung.de\/?s={search_term_string}"},"query-input":"required name=search_term_string"}],"inLanguage":"de"}]}},"_links":{"self":[{"href":"https:\/\/2022.doktagung.de\/index.php?rest_route=\/wp\/v2\/pages\/160","targetHints":{"allow":["GET"]}}],"collection":[{"href":"https:\/\/2022.doktagung.de\/index.php?rest_route=\/wp\/v2\/pages"}],"about":[{"href":"https:\/\/2022.doktagung.de\/index.php?rest_route=\/wp\/v2\/types\/page"}],"author":[{"embeddable":true,"href":"https:\/\/2022.doktagung.de\/index.php?rest_route=\/wp\/v2\/users\/2"}],"replies":[{"embeddable":true,"href":"https:\/\/2022.doktagung.de\/index.php?rest_route=%2Fwp%2Fv2%2Fcomments&post=160"}],"version-history":[{"count":3,"href":"https:\/\/2022.doktagung.de\/index.php?rest_route=\/wp\/v2\/pages\/160\/revisions"}],"predecessor-version":[{"id":191,"href":"https:\/\/2022.doktagung.de\/index.php?rest_route=\/wp\/v2\/pages\/160\/revisions\/191"}],"wp:attachment":[{"href":"https:\/\/2022.doktagung.de\/index.php?rest_route=%2Fwp%2Fv2%2Fmedia&parent=160"}],"curies":[{"name":"wp","href":"https:\/\/api.w.org\/{rel}","templated":true}]}}