{"id":166,"date":"2022-06-15T12:52:20","date_gmt":"2022-06-15T12:52:20","guid":{"rendered":"https:\/\/2022.doktagung.de\/?page_id=166"},"modified":"2022-06-15T14:46:46","modified_gmt":"2022-06-15T14:46:46","slug":"archiv","status":"publish","type":"page","link":"https:\/\/2022.doktagung.de\/?page_id=166","title":{"rendered":"Archiv"},"content":{"rendered":"\n<p>Die Promovierenden des Vielnamenfaches Kulturanthropologie\/Europ\u00e4ische Ethnologie\/Empirische Kulturwissenschaften\/Volkskunde\/etc. k\u00f6nnen bereits auf zahlreiche fr\u00fchere DGEKW (vormals dgv)-Doktorand*innen-Tagungen zur\u00fcck blicken:<\/p>\n\n\n\n<p><strong>2020<\/strong> <a href=\"https:\/\/2020.doktagung.de\/\" target=\"_blank\" rel=\"noreferrer noopener\">15. DGEKW-Doktorand*innentagung<\/a> in Oberau\/Sachsen.<\/p>\n\n\n\n<p><strong>2019<\/strong> <a href=\"https:\/\/2019.doktagung.de\/wordpress\/\" target=\"_blank\" rel=\"noreferrer noopener\">14. DGEKW-Doktorand*innentagung<\/a> in Innsbruck und Obergurgl<\/p>\n\n\n\n<p><strong>2018 <\/strong><a href=\"http:\/\/2018.doktagung.de\/\" target=\"_blank\" rel=\"noreferrer noopener\"> 13. DGEKW-Doktorand*innentagung<\/a>&nbsp;in Freiburg im Breisgau<\/p>\n\n\n\n<p><strong>2017 <\/strong>&nbsp;<a href=\"http:\/\/2017.doktagung.de\/\" target=\"_blank\" rel=\"noreferrer noopener\">12. DGEKW-Doktorand*innentagung<\/a>&nbsp;in T\u00fcbingen<\/p>\n\n\n\n<p><strong>2016 <\/strong>&nbsp;<a href=\"http:\/\/2016.doktagung.de\/\" target=\"_blank\" rel=\"noreferrer noopener\">11. DGEKW-Doktorand*innentagung<\/a>&nbsp;in Augsburg<\/p>\n\n\n\n<p><strong>2015 <\/strong>&nbsp;<a href=\"http:\/\/2015.doktagung.de\/\" target=\"_blank\" rel=\"noreferrer noopener\">10. DGEKW-Doktorand*innentagung<\/a>&nbsp; in Hamburg<\/p>\n\n\n\n<p><strong>2014 <\/strong>&nbsp;<a href=\"http:\/\/doktagung2014.blogspot.de\/\">9. DGEKW-<\/a><a href=\"http:\/\/doktagung2014.blogspot.de\/\" target=\"_blank\" rel=\"noreferrer noopener\">Doktorand<\/a><a href=\"http:\/\/doktagung2014.blogspot.de\/\">*innentagung<\/a>&nbsp;in Regensburg<\/p>\n\n\n\n<p><strong>2013 <\/strong><a href=\"https:\/\/doktagung2013.blogspot.de\/\" target=\"_blank\" rel=\"noreferrer noopener\">8. DGEKW-Doktorand*innentagung<\/a>&nbsp;in Graz<\/p>\n","protected":false},"excerpt":{"rendered":"<p>Die Promovierenden des Vielnamenfaches Kulturanthropologie\/Europ\u00e4ische Ethnologie\/Empirische Kulturwissenschaften\/Volkskunde\/etc. k\u00f6nnen bereits auf zahlreiche fr\u00fchere DGEKW (vormals dgv)-Doktorand*innen-Tagungen zur\u00fcck blicken: 2020 15. DGEKW-Doktorand*innentagung in Oberau\/Sachsen. 2019 14. DGEKW-Doktorand*innentagung in Innsbruck und Obergurgl 2018 13. DGEKW-Doktorand*innentagung&nbsp;in Freiburg im Breisgau 2017 &nbsp;12. DGEKW-Doktorand*innentagung&nbsp;in T\u00fcbingen 2016 &nbsp;11. DGEKW-Doktorand*innentagung&nbsp;in Augsburg 2015 &nbsp;10. DGEKW-Doktorand*innentagung&nbsp; in Hamburg 2014 &nbsp;9. DGEKW-Doktorand*innentagung&nbsp;in Regensburg 2013 8. DGEKW-Doktorand*innentagung&nbsp;in &hellip; <\/p>\n<p class=\"link-more\"><a href=\"https:\/\/2022.doktagung.de\/?page_id=166\" class=\"more-link\"><span class=\"screen-reader-text\">\u201eArchiv\u201c<\/span> weiterlesen<\/a><\/p>\n","protected":false},"author":2,"featured_media":0,"parent":0,"menu_order":0,"comment_status":"closed","ping_status":"closed","template":"","meta":{"footnotes":""},"class_list":["post-166","page","type-page","status-publish","hentry"],"yoast_head":"<!-- This site is optimized with the Yoast SEO plugin v19.6 - https:\/\/yoast.com\/wordpress\/plugins\/seo\/ -->\n<title>Archiv - 16. Doktorand*innentagung der DGEKW<\/title>\n<meta name=\"robots\" content=\"index, follow, max-snippet:-1, max-image-preview:large, max-video-preview:-1\" \/>\n<link rel=\"canonical\" href=\"https:\/\/2022.doktagung.de\/?page_id=166\" \/>\n<meta property=\"og:locale\" content=\"de_DE\" \/>\n<meta property=\"og:type\" content=\"article\" \/>\n<meta property=\"og:title\" content=\"Archiv - 16. Doktorand*innentagung der DGEKW\" \/>\n<meta property=\"og:description\" content=\"Die Promovierenden des Vielnamenfaches Kulturanthropologie\/Europ\u00e4ische Ethnologie\/Empirische Kulturwissenschaften\/Volkskunde\/etc. k\u00f6nnen bereits auf zahlreiche fr\u00fchere DGEKW (vormals dgv)-Doktorand*innen-Tagungen zur\u00fcck blicken: 2020 15. DGEKW-Doktorand*innentagung in Oberau\/Sachsen. 2019 14. DGEKW-Doktorand*innentagung in Innsbruck und Obergurgl 2018 13. DGEKW-Doktorand*innentagung&nbsp;in Freiburg im Breisgau 2017 &nbsp;12. DGEKW-Doktorand*innentagung&nbsp;in T\u00fcbingen 2016 &nbsp;11. DGEKW-Doktorand*innentagung&nbsp;in Augsburg 2015 &nbsp;10. DGEKW-Doktorand*innentagung&nbsp; in Hamburg 2014 &nbsp;9. DGEKW-Doktorand*innentagung&nbsp;in Regensburg 2013 8. DGEKW-Doktorand*innentagung&nbsp;in &hellip; \u201eArchiv\u201c weiterlesen\" \/>\n<meta property=\"og:url\" content=\"https:\/\/2022.doktagung.de\/?page_id=166\" \/>\n<meta property=\"og:site_name\" content=\"16. Doktorand*innentagung der DGEKW\" \/>\n<meta property=\"article:modified_time\" content=\"2022-06-15T14:46:46+00:00\" \/>\n<meta name=\"twitter:card\" content=\"summary_large_image\" \/>\n<meta name=\"twitter:label1\" content=\"Gesch\u00e4tzte Lesezeit\" \/>\n\t<meta name=\"twitter:data1\" content=\"1\u00a0Minute\" \/>\n<script type=\"application\/ld+json\" class=\"yoast-schema-graph\">{\"@context\":\"https:\/\/schema.org\",\"@graph\":[{\"@type\":\"WebPage\",\"@id\":\"https:\/\/2022.doktagung.de\/?page_id=166\",\"url\":\"https:\/\/2022.doktagung.de\/?page_id=166\",\"name\":\"Archiv - 16. Doktorand*innentagung der DGEKW\",\"isPartOf\":{\"@id\":\"https:\/\/2022.doktagung.de\/#website\"},\"datePublished\":\"2022-06-15T12:52:20+00:00\",\"dateModified\":\"2022-06-15T14:46:46+00:00\",\"breadcrumb\":{\"@id\":\"https:\/\/2022.doktagung.de\/?page_id=166#breadcrumb\"},\"inLanguage\":\"de\",\"potentialAction\":[{\"@type\":\"ReadAction\",\"target\":[\"https:\/\/2022.doktagung.de\/?page_id=166\"]}]},{\"@type\":\"BreadcrumbList\",\"@id\":\"https:\/\/2022.doktagung.de\/?page_id=166#breadcrumb\",\"itemListElement\":[{\"@type\":\"ListItem\",\"position\":1,\"name\":\"Startseite\",\"item\":\"https:\/\/2022.doktagung.de\/\"},{\"@type\":\"ListItem\",\"position\":2,\"name\":\"Archiv\"}]},{\"@type\":\"WebSite\",\"@id\":\"https:\/\/2022.doktagung.de\/#website\",\"url\":\"https:\/\/2022.doktagung.de\/\",\"name\":\"16. Doktorand*innentagung der DGEKW\",\"description\":\"\",\"potentialAction\":[{\"@type\":\"SearchAction\",\"target\":{\"@type\":\"EntryPoint\",\"urlTemplate\":\"https:\/\/2022.doktagung.de\/?s={search_term_string}\"},\"query-input\":\"required name=search_term_string\"}],\"inLanguage\":\"de\"}]}<\/script>\n<!-- \/ Yoast SEO plugin. -->","yoast_head_json":{"title":"Archiv - 16. Doktorand*innentagung der DGEKW","robots":{"index":"index","follow":"follow","max-snippet":"max-snippet:-1","max-image-preview":"max-image-preview:large","max-video-preview":"max-video-preview:-1"},"canonical":"https:\/\/2022.doktagung.de\/?page_id=166","og_locale":"de_DE","og_type":"article","og_title":"Archiv - 16. Doktorand*innentagung der DGEKW","og_description":"Die Promovierenden des Vielnamenfaches Kulturanthropologie\/Europ\u00e4ische Ethnologie\/Empirische Kulturwissenschaften\/Volkskunde\/etc. k\u00f6nnen bereits auf zahlreiche fr\u00fchere DGEKW (vormals dgv)-Doktorand*innen-Tagungen zur\u00fcck blicken: 2020 15. DGEKW-Doktorand*innentagung in Oberau\/Sachsen. 2019 14. DGEKW-Doktorand*innentagung in Innsbruck und Obergurgl 2018 13. DGEKW-Doktorand*innentagung&nbsp;in Freiburg im Breisgau 2017 &nbsp;12. DGEKW-Doktorand*innentagung&nbsp;in T\u00fcbingen 2016 &nbsp;11. DGEKW-Doktorand*innentagung&nbsp;in Augsburg 2015 &nbsp;10. DGEKW-Doktorand*innentagung&nbsp; in Hamburg 2014 &nbsp;9. DGEKW-Doktorand*innentagung&nbsp;in Regensburg 2013 8. DGEKW-Doktorand*innentagung&nbsp;in &hellip; \u201eArchiv\u201c weiterlesen","og_url":"https:\/\/2022.doktagung.de\/?page_id=166","og_site_name":"16. Doktorand*innentagung der DGEKW","article_modified_time":"2022-06-15T14:46:46+00:00","twitter_card":"summary_large_image","twitter_misc":{"Gesch\u00e4tzte Lesezeit":"1\u00a0Minute"},"schema":{"@context":"https:\/\/schema.org","@graph":[{"@type":"WebPage","@id":"https:\/\/2022.doktagung.de\/?page_id=166","url":"https:\/\/2022.doktagung.de\/?page_id=166","name":"Archiv - 16. Doktorand*innentagung der DGEKW","isPartOf":{"@id":"https:\/\/2022.doktagung.de\/#website"},"datePublished":"2022-06-15T12:52:20+00:00","dateModified":"2022-06-15T14:46:46+00:00","breadcrumb":{"@id":"https:\/\/2022.doktagung.de\/?page_id=166#breadcrumb"},"inLanguage":"de","potentialAction":[{"@type":"ReadAction","target":["https:\/\/2022.doktagung.de\/?page_id=166"]}]},{"@type":"BreadcrumbList","@id":"https:\/\/2022.doktagung.de\/?page_id=166#breadcrumb","itemListElement":[{"@type":"ListItem","position":1,"name":"Startseite","item":"https:\/\/2022.doktagung.de\/"},{"@type":"ListItem","position":2,"name":"Archiv"}]},{"@type":"WebSite","@id":"https:\/\/2022.doktagung.de\/#website","url":"https:\/\/2022.doktagung.de\/","name":"16. Doktorand*innentagung der DGEKW","description":"","potentialAction":[{"@type":"SearchAction","target":{"@type":"EntryPoint","urlTemplate":"https:\/\/2022.doktagung.de\/?s={search_term_string}"},"query-input":"required name=search_term_string"}],"inLanguage":"de"}]}},"_links":{"self":[{"href":"https:\/\/2022.doktagung.de\/index.php?rest_route=\/wp\/v2\/pages\/166","targetHints":{"allow":["GET"]}}],"collection":[{"href":"https:\/\/2022.doktagung.de\/index.php?rest_route=\/wp\/v2\/pages"}],"about":[{"href":"https:\/\/2022.doktagung.de\/index.php?rest_route=\/wp\/v2\/types\/page"}],"author":[{"embeddable":true,"href":"https:\/\/2022.doktagung.de\/index.php?rest_route=\/wp\/v2\/users\/2"}],"replies":[{"embeddable":true,"href":"https:\/\/2022.doktagung.de\/index.php?rest_route=%2Fwp%2Fv2%2Fcomments&post=166"}],"version-history":[{"count":6,"href":"https:\/\/2022.doktagung.de\/index.php?rest_route=\/wp\/v2\/pages\/166\/revisions"}],"predecessor-version":[{"id":226,"href":"https:\/\/2022.doktagung.de\/index.php?rest_route=\/wp\/v2\/pages\/166\/revisions\/226"}],"wp:attachment":[{"href":"https:\/\/2022.doktagung.de\/index.php?rest_route=%2Fwp%2Fv2%2Fmedia&parent=166"}],"curies":[{"name":"wp","href":"https:\/\/api.w.org\/{rel}","templated":true}]}}